the prime factors of 712393674?
2, 3, 23, 1361, 3793
What are the prime factors of 78856459?
11, 47, 127, 1201
What are the prime factors of 294806803?
1297, 227299
List the prime factors of 344508648.
2, 3, 11, 1304957
What are the prime factors of 176742702?
2, 3, 3273013
What are the prime factors of 184608504?
2, 3, 109, 7841
List the prime factors of 1044043746.
2, 3, 17, 10235723
What are the prime factors of 29034878?
2, 17, 23, 107, 347
List the prime factors of 22194408.
2, 3, 139, 6653
What are the prime factors of 115955552?
2, 743, 4877
What are the prime factors of 36390318?
2, 3, 6065053
What are the prime factors of 57940901?
4919, 11779
What are the prime factors of 611566828?
2, 977, 156491
What are the prime factors of 140223385?
5, 31, 904667
What are the prime factors of 286796342?
2, 7, 1493, 13721
List the prime factors of 992787846.
2, 3, 337, 490993
What are the prime factors of 11503323?
3, 13, 2521
List the prime factors of 38481413.
38481413
What are the prime factors of 6677984995?
5, 11, 7573, 16033
What are the prime factors of 182123893?
7, 26017699
What are the prime factors of 23964285?
3, 5, 1597619
List the prime factors of 218414288.
2, 1787, 7639
List the prime factors of 237674217.
3, 11, 131, 54979
What are the prime factors of 73624183?
19, 3874957
What are the prime factors of 236544?
2, 3, 7, 11
List the prime factors of 78326515.
5, 113, 157, 883
List the prime factors of 405736514.
2, 23, 241, 36599
List the prime factors of 709081584.
2, 3, 307, 48119
What are the prime factors of 487535110?
2, 5, 113, 431447
List the prime factors of 923058772.
2, 151, 1528243
List the prime factors of 104846222.
2, 13, 4032547
List the prime factors of 118373120.
2, 5, 92479
What are the prime factors of 260558514?
2, 3, 19, 37, 59, 349
What are the prime factors of 58841457?
3, 2213, 8863
What are the prime factors of 109636228?
2, 13, 2108389
List the prime factors of 333798871.
7, 1301, 36653
List the prime factors of 995260530.
2, 3, 5, 11, 239, 12619
What are the prime factors of 1411714858?
2, 19, 139, 241, 1109
List the prime factors of 2165273439.
3, 7, 71, 1452229
List the prime factors of 30109633.
523, 57571
What are the prime factors of 2388831857?
17, 140519521
List the prime factors of 1095811177.
17, 64459481
List the prime factors of 55583466.
2, 3, 2999, 3089
List the prime factors of 784711371.
3, 103, 2539519
List the prime factors of 914550422.
2, 457275211
List the prime factors of 61381844.
2, 53, 139, 2083
What are the prime factors of 108726834?
2, 3, 41, 199, 2221
List the prime factors of 96148648.
2, 23, 181, 2887
List the prime factors of 425272281.
3, 7, 20251061
List the prime factors of 26554330.
2, 5, 11, 163, 1481
List the prime factors of 515543908.
2, 11, 443, 26449
List the prime factors of 8830103.
8830103
List the prime factors of 1423690076.
2, 355922519
List the prime factors of 38183087.
271, 140897
What are the prime factors of 462616217?
7, 37, 739, 2417
List the prime factors of 60837262.
2, 337, 90263
What are the prime factors of 1287517496?
2, 160939687
List the prime factors of 11507551.
11, 269, 3889
What are the prime factors of 63882499?
173, 369263
List the prime factors of 337033013.
6547, 51479
What are the prime factors of 4589442368?
2, 7, 31, 277, 1193
What are the prime factors of 1083800757?
3, 13, 1429, 19447
What are the prime factors of 3100857187?
37, 83806951
What are the prime factors of 768000555?
3, 5, 7, 812699
List the prime factors of 190118395.
5, 17, 37, 61, 991
What are the prime factors of 100176485?
5, 20035297
What are the prime factors of 1629319794?
2, 3, 43, 1327, 4759
List the prime factors of 685488291.
3, 228496097
What are the prime factors of 2383728837?
3, 7, 113510897
List the prime factors of 2461254708.
2, 3, 11, 29, 58451
What are the prime factors of 290112566?
2, 53, 2736911
List the prime factors of 57896520.
2, 3, 5, 11, 23, 1907
List the prime factors of 496709650.
2, 5, 281, 35353
What are the prime factors of 106277734?
2, 31, 1714157
What are the prime factors of 2630057124?
2, 3, 219171427
List the prime factors of 694162377.
3, 17, 379, 11971
List the prime factors of 45747219.
3, 7, 2178439
What are the prime factors of 347282393?
109, 229, 13913
List the prime factors of 611893939.
29, 241, 3019
List the prime factors of 140920986.
2, 3, 19, 467, 2647
What are the prime factors of 392288487?
3, 151, 865979
What are the prime factors of 187593481?
227, 826403
What are the prime factors of 6317797?
331, 19087
List the prime factors of 88316073.
3, 53, 185149
List the prime factors of 121570174.
2, 11, 5525917
List the prime factors of 531783825.
3, 5, 7090451
List the prime factors of 12633595.
5, 13, 14951
List the prime factors of 312144758.
2, 156072379
List the prime factors of 942055936.
2, 1839953
What are the prime factors of 146041342?
2, 547, 133493
List the prime factors of 39913725.
3, 5, 532183
List the prime factors of 3644208804.
2, 3, 103, 2948389
List the prime factors of 824823903.
3, 9857, 27893
What are the prime factors of 1950672045?
3, 5, 7, 1103, 16843
What are the prime factors of 161085624?
2, 3, 7, 958843
What are the prime factors of 3250117634?
2, 271, 5996527
List the prime factors of 92764644.
2, 3, 7, 79, 1997
List the prime factors of 7361496271.
29, 6551, 38749
What are the prime factors of 346847993?
71, 1129, 4327
List the prime factors of 2131580950.
2, 5, 43, 61, 16253
List the prime factors of 153690379.
131, 821, 1429
List the prime factors of 202829095.
5, 7, 277, 20921
List the prime factors of 4235563272.
2, 3, 59, 2991217
List the prime factors of 328789477.
59, 83, 67141
What are the prime factors of 2931897997?
7, 127, 471139
What are the prime factors of 6693392?
2, 418337
What are the prime factors of 718515135?
3, 5, 13, 211, 5821
What are the prime factors of 70869546?
2, 3, 11, 229, 521
List the prime factors of 20551902.
2, 3, 7, 127, 3853
List the prime factors of 144161924.
2, 5749, 6269
What are the prime factors of 1213742767?
367, 3307201
What are the prime factors of 771418660?
2, 5, 38570933
List the prime factors of 713827853.
19, 37569887
List the prime factors of 1190563927.
7, 23, 1056401
What are the prime factors of 169899020?
2, 5, 17, 43, 11621
What are the prime factors of 656040816?
2, 3, 19, 257, 311
List the prime factors of 305965325.
5, 61, 313, 641
What are the prime factors of 944249095?
5, 1607, 117517
What are the prime factors of 96761473?
5711, 16943
What are the prime factors of 1802222433?
3, 11, 6068089
What are the prime factors of 595919471?
7, 733, 116141
List the prime factors of 68813206.
2, 7, 11, 446839
List the prime factors of 900542289.
3, 300180763
What are the prime factors of 419780885?
5, 227, 369851
List the prime factors of 12585875.
5, 107, 941
List the prime factors of 17916853.
31, 43, 13441
List the prime factors of 45970318.
2, 587, 39157
What are the prime factors of 7168941706?
2, 113, 31720981
What are the prime factors of 319509095?
5, 29, 31, 71081
What are the prime factors of 5164911456?
2, 3, 53801161
What are the prime factors of 1948483641?
3, 13, 31, 123973
List the prime factors of 291942501.
3, 97314167
What are the prime factors of 600378215?
5, 120075643
List the prime factors of 2378372917.
31, 3491, 21977
List the prime factors of 201568739.
19, 331, 32051
What are the prime factors of 364828897?
364828897
List the prime factors of 393409344.
2, 3, 31, 157, 421
List the prime factors of 7450458507.
3, 827828723
What are the prime factors of 154046541?
3, 11, 359, 13003
List the prime factors of 262633895.
5, 23, 43, 173, 307
List the prime factors of 144854321.
61, 79, 30059
What are the prime factors of 39778439?
97, 410087
List the prime factors of 456821222.
2, 11, 13, 145207
List the prime factors of 69385317.
3, 449, 51511
What are the prime factors of 207965855?
5, 59, 89
What are the prime factors of 135826898?
2, 47, 1444967
What are the prime factors of 1056005635?
5, 41, 47, 127, 863
List the prime factors of 419504095.
5, 3371, 24889
List the prime factors of 1000636650.
2, 3, 5, 13, 171049
What are the prime factors of 1396988498?
2, 17, 41087897
What are the prime factors of 2086668